t common divisor of n and 102?
34
Let n = -111894 - -112214. Let w(a) = 10*a**2. Let r be w(-1). What is the highest common divisor of n and r?
10
Let s = -286 + 371. Let v be 9 + (0/(-4) - 4). Let r = 12 + v. Calculate the greatest common divisor of s and r.
17
Suppose -4*f - v = -160, 88*f = 85*f + 3*v + 120. Calculate the greatest common factor of 1250 and f.
10
Suppose 838 = 3*b - 4*f, -923 + 1211 = b + 3*f. What is the highest common divisor of 282 and b?
282
Let b be (-1)/(-2) - (-348)/8. Let j be (30 + 194)/(-16)*4/(-14). Calculate the highest common factor of j and b.
4
Let d be 2/(-8) - (-60)/(-64)*4. Let c(a) = a**3 + 5*a**2 + 4*a + 5. Let b be c(d). Calculate the highest common divisor of b and 30.
5
Suppose -u = -3*t + 2525, -4*u + 945 - 3485 = -3*t. What is the greatest common divisor of t and 70?
70
Suppose 0*r + r = 20. Let o(p) = 7*p + 51. Suppose 2*s = 3*a - 27, 2*a - 2*s - 8 = -4*s. Let d be o(a). What is the greatest common factor of d and r?
20
Let j = -31 + 9. Let l = j + 85. Let g(x) = 3*x**2 - 23*x - 15. Let h be g(9). Calculate the greatest common factor of l and h.
21
Let g be (-4 + 7 + -3)/1. Suppose z - 2*t = 34, 4*z - 3*t + g*t = 126. Suppose z = f + 4*f. Calculate the highest common factor of 12 and f.
6
Let j = 50 + -46. Let q be -1*j - ((-11 - -14) + -13). Calculate the highest common factor of 54 and q.
6
Let i = 2095 - 313. Calculate the highest common factor of 792 and i.
198
Suppose -1002 = 13*r + 285. Let z = r - -155. Calculate the highest common factor of 168 and z.
56
Suppose 0 = 3*w - 4 - 14. Suppose -48 = 13*y - 29*y. Suppose 18*i - y*o = 16*i + 30, 8 = i - 5*o. Calculate the greatest common factor of i and w.
6
Suppose 4*s - 8 - 8 = 0. Suppose s*j + 5*t + 318 = 0, 2*j + 3*t = j - 76. Let p = -78 - j. Calculate the highest common divisor of 28 and p.
4
Let l = -62 - -105. Let k = l - 35. Suppose -k*p = -2*p - 54. What is the highest common factor of 6 and p?
3
Let h = -9857 + 10893. What is the highest common factor of h and 444?
148
Suppose -p - 2*s = -1746, 4*p + 5*s = 3384 + 3621. Calculate the greatest common factor of 560 and p.
80
Let t(y) = 13*y - 97. Suppose -13*k = -21*k + 168. Let s be t(k). Calculate the highest common factor of s and 22.
22
Let b = 23048 - 23014. Calculate the highest common factor of 7582 and b.
34
Suppose -11*y - y = -1584. Let p = y + -105. Suppose -5*h - p = -252. What is the greatest common divisor of 27 and h?
9
Let x = 2522 + -2494. What is the highest common divisor of 76 and x?
4
Let d(f) = 2*f**2 - 15*f - 1519. Let i be d(-35). What is the greatest common factor of 16 and i?
16
Suppose -20*v = 5*t - 15*v - 1035, -5*t + 5*v = -1065. What is the greatest common factor of t and 120?
30
Let v = -305 + 494. What is the highest common divisor of 7 and v?
7
Let m(w) = -3*w + 3. Let j be m(3). Let y(x) = -134*x**2 + x + 0*x + 234*x**2 - 8 - 99*x**2. Let o be y(j). What is the greatest common factor of o and 66?
22
Let w(i) = 15 + 5*i - 16*i - 3*i + 4*i. Let b be w(-3). What is the greatest common factor of b and 60?
15
Suppose i = u - 4*i - 25, -4*u + 16 = i. Let l be 2/u - 6851/(-85). Calculate the highest common divisor of l and 81.
81
Let b(f) = -222*f + 35. Let h be b(-3). Let y = h - 613. What is the highest common divisor of 242 and y?
22
Suppose t + t = 1227 + 393. Calculate the highest common divisor of 130 and t.
10
Let t(u) be the second derivative of 7*u**4/12 + u**3/2 + 2*u**2 + 36*u. Let m be t(-1). What is the highest common factor of 184 and m?
8
Let j = -147 + 147. Suppose 3*r + 22*r - 3150 = j. Calculate the greatest common divisor of r and 21.
21
Let t = -36 - -38. Let f(g) = -g + 10. Let d be f(t). Let p be 2/d*4 - -3. Calculate the highest common divisor of p and 6.
2
Let m be (((-192)/30)/(-8)*-15)/(8/(-4508)). What is the highest common divisor of 138 and m?
138
Let n(q) = -q + 7. Let g be n(7). Suppose -4*r - 1100 = -a, g = -r - a + 6*a - 294. Let d be r/(-8) + (-2)/8. Calculate the greatest common divisor of d and 85.
17
Let k = 6 - 2. Let l be (-7 + k - -6) + 3. Let i(y) = y**2 + 11*y - 54. Let j be i(-15). What is the highest common divisor of l and j?
6
Let c = 11 - -25. Let y be 11/(1 - 2/3). Let i be (2 + -1)*3 - (0 - y). What is the highest common factor of i and c?
36
Let f(q) = 4*q - 72. Let u be f(18). Suppose u = -134*x + 132*x + 126. Calculate the highest common divisor of 21 and x.
21
Let a be 21/(-7)*(-3 - 84). What is the greatest common factor of 609 and a?
87
Suppose -102 = -4*i + 430. Let l = i - 99. Suppose 0 = 3*v + 4 - l. What is the greatest common factor of v and 30?
10
Let b be 108/26 + (-20)/130. Suppose 3*l - 2 = -5*u, -3 = 3*l + b*u - 7. What is the highest common divisor of 116 and l?
4
Suppose 23 = 3*b - p + 1, 0 = 3*b + p - 20. Suppose 479 = b*u - 214. What is the greatest common factor of 66 and u?
33
Let s be 66/(-3) + -72 + 893. What is the greatest common divisor of 1128 and s?
47
Suppose 11*j - 330000 = -69*j. Calculate the greatest common factor of 330 and j.
165
Let d be 459620/1225*(-5)/(-2). Calculate the highest common divisor of d and 154.
14
Let d(h) = 43 + 2*h**2 + h - 114 + 0*h**2 + 47. Let a be d(6). Calculate the greatest common divisor of a and 1242.
54
Let k = -1752 - -3645. Suppose -2*c = 5*n - 1884, 7*n + c + k = 12*n. Calculate the greatest common factor of 54 and n.
54
Let b be 24 + (2 - 3 - 5)/(-1). Let v be ((-70)/(-15))/(b/585). What is the greatest common divisor of 65 and v?
13
Suppose -89 + 29 = -2*u. Suppose 5*v - 100 = -u. Let o be ((-35)/v)/(2/(-144)). Calculate the greatest common divisor of o and 36.
36
Let t be 0 + 35 + 4 + -6. Suppose -129*k - 1396 = -11329. Calculate the greatest common factor of k and t.
11
Let w be ((1 - -29)/(-5 - -7))/((-4)/(-124)). Calculate the greatest common factor of 2015 and w.
155
Suppose -2*b + 96 = -4*t, -5*b = -1660*t + 1655*t - 220. Suppose -4*i + 232 = 4*d, 0*i + 4*i = 4*d - 248. Calculate the greatest common factor of b and d.
20
Let i(b) = -8*b**2 + 4*b - 11. Let a be i(3). Let l = a + 74. Calculate the highest common divisor of l and 3.
3
Let z(n) = 4*n**3 + 2*n**2 - 1. Let m be z(2). Let s(y) = -32*y**2 - 5 - 10 + 33*y**2 - 8*y - 5. Let p be s(11). What is the highest common divisor of p and m?
13
Let f = 15647 + -11181. What is the highest common factor of 462 and f?
154
Let f be ((-50)/((2/(-3))/(-1)))/(244/(-244)). What is the greatest common divisor of 1695 and f?
15
Let r = 8892 - 8855. Let k be (-74)/(-2)*9/1. Calculate the greatest common divisor of k and r.
37
Suppose 5*r = 3*d - 588, d + 10*r - 196 = 6*r. Suppose -203*g = -d*g - 182. Calculate the greatest common factor of g and 208.
26
Let z(p) = 14*p**2 + 3*p - 5. Let s be z(-4). Suppose 6 - 68 = -4*y + 5*o, -4*o = -2*y + 28. What is the greatest common divisor of y and s?
9
Let v be 15*(-41)/(246/(-224)). Calculate the highest common factor of 896 and v.
112
Let k = -21959 + 33479. What is the greatest common divisor of k and 270?
90
Let p = -16 + 32. Suppose -2 = y - 2*l - 18, -5*y + 56 = 2*l. Suppose a = -5*o + 4*a + 388, -3*a = -y. What is the highest common divisor of p and o?
16
Suppose 2*i = -k + 2*k - 1128, -3*k + 5*i = -3380. Suppose 13*q - k = -3*q. Let n(j) = 4*j - 4. Let m be n(6). Calculate the greatest common factor of m and q.
10
Suppose 2*l + 3*i = 33, -l + 2*l - 2*i = 13. Suppose 0 = l*h - 0*h - 360. What is the highest common divisor of 252 and h?
12
Let x = 27255 + -27213. Calculate the greatest common divisor of x and 3.
3
Let x = 270 - 36. Let n be (1/(-2))/(2/244). Let k = 87 + n. Calculate the highest common factor of x and k.
26
Suppose 55 - 42 = f. Let p = -99 + 102. Suppose 4*h = p*h + 5*n + 16, -5*h = -4*n - 17. What is the highest common divisor of h and f?
1
Suppose 0 = -3*d + 5*i + 18145, -575*d = -573*d + 4*i - 12126. What is the highest common divisor of 35 and d?
35
Suppose 9 = 3*z - 3. Let c = 1232 + -1229. Suppose -2*p = c*b - 50, 0*p - 88 = -5*b - p. Calculate the greatest common factor of b and z.
2
Suppose -530*z + 3392328 = 1022168. What is the highest common divisor of 16 and z?
8
Suppose 208391 - 12791 = 114*b - 74*b. Calculate the greatest common divisor of 30 and b.
30
Suppose 0 = -5*s - 10, -b + 3*b = 2*s - 428. Let j = b + 255. Calculate t